e 3*k = k + 3*w + 682, 2*k + 4*w = 682. Let l be -3 + 1 + 2 + k. Suppose v = -3*c + l, 5*c - 591 = 2*v + 2*v. Is c prime?
False
Suppose i + 4*v + 121 = v, -5*v = 5*i + 565. Let g = i + 251. Suppose 2*d - g = -0*d. Is d composite?
False
Let q(c) = -2*c**3 - 12*c**2 - 11*c - 3. Is q(-8) a prime number?
False
Let x = 14 - 12. Suppose 0 = x*o - 95 + 29. Is o composite?
True
Let b(z) = z**2 - 13*z + 11. Is b(13) a prime number?
True
Let r(t) = t**3 + 8*t**2 + 2*t - 4. Let l be r(-3). Suppose 4 = -2*f + 5*i, 0 = -4*f + 6*i - i - 8. Is 4/(-8)*f*l prime?
False
Let m(c) = 110*c + 3. Is m(2) a prime number?
True
Let h = 737 - -1236. Is h prime?
True
Let n(x) = -x - 4. Suppose 0*w - 18 = 3*w. Let o be n(w). Suppose -v + 32 = 2*f - f, -o*f = 4*v - 58. Is f a prime number?
False
Let c(k) = k**2 - 15*k + 16. Let s(y) = 2*y - 12. Let n be s(13). Let o be c(n). Suppose -37 = -3*t + o*t. Is t a prime number?
True
Suppose 0 = 2*j - 5*j - 192. Let g = 6 - j. Let s = g + 45. Is s composite?
True
Is 2 - -223 - (-4)/(-2) composite?
False
Let z be ((-36)/(-15))/(3/(-10)). Let p = z - -6. Is 374 + (-3)/(p/(-2)) a composite number?
True
Suppose -4*g = 3*j + 3, 4*g - g - 2*j = 19. Suppose 0 = g*q - 2849 - 28. Is q prime?
False
Let n(l) = l**3 + 7*l**2 - 10*l - 12. Let m be n(-8). Let r = 7 - m. Suppose 0*s + r*s + 3 = q, -5*s - 25 = -3*q. Is q a prime number?
False
Suppose 2*q - 3*q = -3. Let a be (q + -2 - 0)*183. Let b = a - 104. Is b a composite number?
False
Suppose -5*o + 2*u + 40 = 0, -5*o - 5*u + 32 = -43. Suppose 3*h - h + 403 = 3*i, 0 = 2*h + o. Is i a prime number?
True
Let z(l) = l**2 + l - 19. Is z(14) a composite number?
False
Let v(p) = -p**3 - 9*p**2 + 16*p - 17. Is v(-12) a prime number?
True
Let g = 1141 - 432. Is g composite?
False
Let u(x) = -x**3 + 9*x**2 + 8*x + 13. Let o be u(10). Let k(l) = l**3 + 8*l**2 + 3*l - 6. Is k(o) composite?
True
Let w(y) = -103*y. Let u be w(1). Let d = 29 + u. Is 0 + d*(-3)/6 prime?
True
Let y = 22 + 23. Suppose q - 14 = y. Is q prime?
True
Let m(t) = 2*t - 4. Let s be ((-28)/(-6))/((-8)/(-12)). Let p(v) = v - 2. Let l be p(s). Is m(l) a prime number?
False
Is (15/(-5))/3*-3761 prime?
True
Let t(i) = i**3 - 8*i**2 - i + 4. Let x be t(8). Is x/(0 - 4)*55 a prime number?
False
Suppose 0 = n - 159 + 28. Is n prime?
True
Let l(m) = -32*m**3 + m**2 - m - 1. Let t be l(-1). Suppose 0 = 5*b + 72 + t. Is (b/(-12))/((-1)/(-4)) a prime number?
True
Let p = 8 - 6. Is 83/(-2)*p*-1 prime?
True
Suppose 2*y - 378 = -2*g, 3*g + 0*g - 562 = -4*y. Is g composite?
True
Let y(w) = 28*w + 10. Is y(6) prime?
False
Let g = -43 + 200. Is g prime?
True
Let g = 234 + 211. Is g a prime number?
False
Let x(p) = -p - 444. Let i be x(0). Let r = 655 + i. Is r composite?
False
Let w(a) = -19*a + 10. Let q be w(-5). Suppose 3*t + q - 894 = 0. Is t a composite number?
False
Let q(r) = r + 1. Let f(m) = 215*m + 4. Let i(s) = -f(s) + 6*q(s). Is i(-1) a prime number?
True
Suppose 3*v - 4583 - 6796 = 0. Is v a composite number?
False
Let z = 513 - 304. Is z a prime number?
False
Suppose 2*i - 37 = 133. Let a be (16/(-6))/(2/36). Let o = i + a. Is o a prime number?
True
Let j(z) = 140*z - 23. Let c(t) = -70*t + 12. Let v(s) = 9*c(s) + 4*j(s). Let a(w) = -47*w + 11. Let h(m) = -7*a(m) + 5*v(m). Is h(-4) prime?
False
Let l(j) = 2*j**2 + 2*j. Let b be l(-2). Let s be (-6)/b*(-2 - -8). Let t(f) = -f + 2. Is t(s) prime?
True
Let a(v) = 77*v + 43. Is a(8) a composite number?
False
Suppose 3*f - 3 = 6. Suppose f*x + 2*x = -25. Let z(b) = -b**2 - 7*b. Is z(x) prime?
False
Let o(a) = 19*a + 4. Let w be o(6). Let d be (4 - (-65)/(-15))*-9. Suppose 40 - 162 = -2*j + d*q, 2*q = 2*j - w. Is j a composite number?
True
Let f be (-3)/5 - (-26703)/5. Is 4/14 + f/28 prime?
True
Suppose 16 = -5*b - 2*i, -3*b - 22 = 3*i - 8*i. Suppose -3*k - o = -1 + 2, 5 = k - o. Is k*b/(4/(-259)) composite?
True
Is 1637/11 - 10/(-55) prime?
True
Let o(y) = -y**2 + 4*y - 5. Let u(f) = -f**2 + 5*f - 6. Let a(j) = -7*o(j) + 6*u(j). Is a(4) a composite number?
False
Let x(o) = o**2 + 3*o - 21. Is x(12) a composite number?
True
Suppose 213 = 4*x + 5*t - 1518, -t = 1. Suppose -900 = -4*n + f + f, -3*f + x = 2*n. Is n composite?
False
Suppose 192 = 4*x - 5*s, -3*s - 20 = 2*s. Suppose n - 26 = -f, n - x = -2*f - 15. Suppose 6 + n = 2*p. Is p a prime number?
False
Let r = 11 - 6. Suppose 4*d - m - 17 = 0, -3*d - r*m = -d - 25. Let n(h) = h - 2. Is n(d) a prime number?
True
Suppose -3*m + 3*p + 9 = 0, -3*p + 19 = -0*m + 4*m. Suppose -3*o = -5*o - 6, -m*u - 5*o = -21. Is 2*u + (-5 - -6) prime?
True
Let o(s) = 6*s + 3. Let d be o(-3). Let f be (-57)/d + (-2)/(-10). Is (0 + 91/f)*4 a prime number?
False
Is (-1)/((-6)/(-4)) - (-5286)/18 prime?
True
Let f(r) = 4*r**2 + 5. Let z = 6 + 0. Is f(z) a prime number?
True
Is (3/6)/(2/748) a composite number?
True
Suppose 3*i = -l + i + 10, 48 = 3*l - 3*i. Suppose -a - 7*t + 3*t - 73 = 0, 0 = -5*t - 25. Let c = l - a. Is c a composite number?
False
Suppose 6*m = m - 25. Let y = -2 - m. Suppose -2*v + 34 + 24 = 4*z, -y*z + 9 = 0. Is v prime?
True
Let x be (-9 + -5)*(-2)/4. Let k(n) be the third derivative of n**6/120 - n**5/10 + 5*n**4/24 - n**3/6 - n**2. Is k(x) prime?
True
Let y = 22 - 24. Is 720 - (-4 - -2)/y prime?
True
Let m = 8202 + -5473. Is m prime?
True
Let y = -708 + 1537. Is y a prime number?
True
Let u be (2/(-4))/(3/6). Let x(i) = -34*i + 1. Is x(u) a composite number?
True
Suppose 2*f - 12 = -v + 4*v, -2*f - 5*v - 20 = 0. Let m = f + 3. Suppose -50 = b - m*b. Is b a prime number?
False
Suppose -a - 412 = 34. Let m = a - -777. Is m a composite number?
False
Suppose 2*g + u = -2*g + 15, u - 12 = -3*g. Suppose -2*h = -4*r + 208, r + 8*h - 41 = g*h. Is r prime?
False
Suppose 2*n - 487 = n. Is n composite?
False
Let p = -84 + 881. Is p prime?
True
Let y(r) be the first derivative of 13*r**2/2 - r + 1. Let o be y(-7). Let x = -57 - o. Is x a prime number?
False
Suppose o + 930 = 7*o. Is o prime?
False
Let c(a) = 2 + 4*a**3 - a**3 + 0*a - 5*a**2 - 4*a**3 + 9*a. Is c(-7) prime?
True
Suppose 5*h + g - 250 = 0, -g - 189 = -4*h - 4*g. Is h a prime number?
False
Is -2 + -309*(-485)/15 a composite number?
True
Let q = 8 + -4. Suppose -24 = -q*m + 56. Let u = m - -27. Is u composite?
False
Let y = -32 + 12. Let u = y - -13. Let n = 40 - u. Is n prime?
True
Let r(m) = m**3 + 27*m**2 + 22*m + 9. Is r(-16) a composite number?
False
Let t(b) = 250*b - 7. Is t(3) composite?
False
Let o = 7 - 5. Suppose 0*k - 2*k + 44 = 0. Suppose 0*h - k = -o*h. Is h prime?
True
Let n be (2 + -4 + 3)/1. Is (0 - n)/((-5)/2345) composite?
True
Suppose 0 = 6*m - 12120 - 18306. Is m a composite number?
True
Let b(x) = -54*x - 5. Is b(-4) a prime number?
True
Let o(v) = -v**2 - 15*v - 4. Let k(m) = m**2 + 14*m + 4. Let r(z) = -7*k(z) - 6*o(z). Is r(-7) prime?
True
Let f be (13 - -1) + 4/(-4). Suppose -3 = h, -h = 2*t - 6*t + 75. Let w = f + t. Is w a composite number?
False
Let u = 413 + -226. Is u prime?
False
Let i = 1 - 11. Let n be 40/3*(-12)/i. Suppose -n = -2*t - 2. Is t a composite number?
False
Let w be 4*6/8 + 1. Suppose 0 = -w*h + 713 - 157. Is h prime?
True
Let f = -13 + 25. Suppose 0 = -2*l + 18 + f. Is l prime?
False
Suppose 0 = -5*t + 20, -3*t - 617 + 135 = -2*z. Is z composite?
True
Is ((-5)/(-10))/((-1171)/586 - -2) composite?
False
Suppose -2*m = -6*m - 3*x - 5, -m + 3*x = -10. Let l = m - 1. Is -7*(l + (-2 - -1)) prime?
True
Let v = -218 + 409. Is v a composite number?
False
Suppose -3*a = -6, -2*l + 0*l + 2*a - 6 = 0. Let d(y) = 46*y**2 - 2*y + 5. Let h(m) = -139*m**2 + 6*m - 14. Let t(i) = -17*d(i) - 6*h(i). Is t(l) composite?
False
Let h be -3*(-2 + (1 - -2)). Let j(m) = -2*m - 1. Let l be j(h). Suppose 0*r + 72 = 2*r + q, -2*r + 84 = -l*q. Is r prime?
True
Let z(y) be the second derivative of 1/2*y**3 + 0 + 1/12*y**4 - 3/2*y**2 - 3*y. Is z(5) a prime number?
True
Suppose -3*t + 4*t = -4*o - 3, 4*t - 5*o = 51. Let z be 6/t*(-1524)/(-8). Suppose -122 = -3*v + z. Is v composite?
False
Let j(r) = 4*r**2 + 4*r - 1. Suppose 2*p - 4*p - 10 = 0. Let f = p + -1. Is j(f) a composite number?
True
Let f be 34/(12/(-7) - -2). Let i(t) = 3*t - 11. Let b be i(13). Suppose -3*r + b = -f. Is r prime?
False
Suppose -5*d + 4*o + 524 = -367, o - 538 = -3*d. Is d a prime number?
True
